 remainder when 1562426 is divided by 781128.
170
What is the remainder when 953312 is divided by 2037?
2033
What is the remainder when 4021422 is divided by 7?
6
Calculate the remainder when 250165 is divided by 168.
13
What is the remainder when 2087029 is divided by 347836?
13
What is the remainder when 842334 is divided by 421144?
46
Calculate the remainder when 2621592 is divided by 873672.
576
Calculate the remainder when 7790990 is divided by 486.
410
Calculate the remainder when 2597862 is divided by 88.
14
Calculate the remainder when 11874861 is divided by 24.
21
Calculate the remainder when 306006 is divided by 1070.
1056
What is the remainder when 8962 is divided by 6160?
2802
Calculate the remainder when 92564 is divided by 10755.
6524
What is the remainder when 16310578 is divided by 126?
4
What is the remainder when 59506 is divided by 5391?
205
What is the remainder when 5645854 is divided by 44?
38
What is the remainder when 367844 is divided by 18368?
484
Calculate the remainder when 6005617 is divided by 58878.
61
Calculate the remainder when 3675579 is divided by 1837787.
5
What is the remainder when 72876 is divided by 3833?
49
Calculate the remainder when 12247676 is divided by 1886.
1878
Calculate the remainder when 3494205 is divided by 5973.
0
What is the remainder when 434315761 is divided by 1499?
1497
What is the remainder when 1956729 is divided by 603?
597
Calculate the remainder when 4285821 is divided by 245.
36
What is the remainder when 67105 is divided by 22368?
1
What is the remainder when 176049011 is divided by 2250?
11
What is the remainder when 165897 is divided by 452?
13
Calculate the remainder when 7212424 is divided by 2209.
39
Calculate the remainder when 8640704 is divided by 5.
4
Calculate the remainder when 3120149 is divided by 1891.
1890
Calculate the remainder when 12106898 is divided by 2607.
2597
What is the remainder when 5368434 is divided by 73540?
14
What is the remainder when 3341042 is divided by 3029?
55
What is the remainder when 10237714 is divided by 9?
7
What is the remainder when 2466548 is divided by 85?
18
What is the remainder when 334846 is divided by 41?
40
Calculate the remainder when 4841 is divided by 638.
375
Calculate the remainder when 903459 is divided by 63.
39
What is the remainder when 1151000 is divided by 1323?
1313
What is the remainder when 56869 is divided by 2705?
64
Calculate the remainder when 1326941 is divided by 1667.
9
Calculate the remainder when 5774192 is divided by 42.
32
What is the remainder when 30629373 is divided by 1734?
1731
Calculate the remainder when 44605 is divided by 348.
61
What is the remainder when 3012878 is divided by 12?
2
Calculate the remainder when 8995909 is divided by 2998628.
25
What is the remainder when 14163783 is divided by 164?
87
Calculate the remainder when 15705662 is divided by 1139.
1130
Calculate the remainder when 1057034 is divided by 5776.
26
What is the remainder when 1244176 is divided by 65468?
284
Calculate the remainder when 79974113 is divided by 284.
281
What is the remainder when 248961 is divided by 151?
113
Calculate the remainder when 2937252 is divided by 244.
224
Calculate the remainder when 70733872 is divided by 298.
294
What is the remainder when 1022159 is divided by 2954?
75
Calculate the remainder when 539000 is divided by 1849.
941
Calculate the remainder when 1397909 is divided by 363.
359
What is the remainder when 4189579 is divided by 9270?
8809
Calculate the remainder when 205856398 is divided by 102.
100
Calculate the remainder when 2173757 is divided by 167212.
1
Calculate the remainder when 3273055 is divided by 11.
5
Calculate the remainder when 81511 is divided by 98.
73
What is the remainder when 1072221 is divided by 633?
552
What is the remainder when 1440563 is divided by 1137?
1121
What is the remainder when 1779715 is divided by 94?
13
What is the remainder when 100269 is divided by 96235?
4034
What is the remainder when 1451581 is divided by 8154?
169
Calculate the remainder when 79678 is divided by 3840.
2878
What is the remainder when 380387 is divided by 2292?
2207
Calculate the remainder when 150166460 is divided by 111.
110
What is the remainder when 1211758 is divided by 2380?
338
Calculate the remainder when 509984864 is divided by 15.
14
Calculate the remainder when 1164449 is divided by 1164427.
22
Calculate the remainder when 104139 is divided by 7216.
3115
Calculate the remainder when 1250477 is divided by 165.
107
Calculate the remainder when 61933 is divided by 822.
283
Calculate the remainder when 1667815 is divided by 14015.
30
What is the remainder when 3304860 is divided by 119?
111
Calculate the remainder when 4524708 is divided by 193.
16
What is the remainder when 940702 is divided by 5067?
3307
What is the remainder when 1094895 is divided by 508?
155
Calculate the remainder when 426781 is divided by 6282.
5887
Calculate the remainder when 6431659 is divided by 335.
329
Calculate the remainder when 71223 is divided by 17543.
1051
Calculate the remainder when 20937564 is divided by 1903410.
54
Calculate the remainder when 102556238 is divided by 6409764.
14
What is the remainder when 88489283 is divided by 65?
38
What is the remainder when 8127374 is divided by 1920?
14
Calculate the remainder when 64817 is divided by 8501.
5310
Calculate the remainder when 6339290 is divided by 17.
7
What is the remainder when 3224968 is divided by 65?
58
Calculate the remainder when 6950231 is divided by 2316610.
401
What is the remainder when 231510 is divided by 2978?
2204
What is the remainder when 110924 is divided by 1761?
1742
What is the remainder when 533502 is divided by 76156?
410
Calculate the remainder when 1105947 is divided by 672.
507
What is the remainder when 116317 is divided by 58144?
29
What is the remainder when 1483961 is divided by 177?
170
Calculate the remainder when 398405601 is divided by 37.
35
What is the remainder when 937803 is divided by 468901?
1
What is the remainder when 9897211 is divided by 549837?
145
What is the remainder when 3181205 is divided by 55810?
35
Calculate the remainder when 28934672 is divided by 5.
2
Calculate the remainder when 342698 is divided by 159.
53
Calculate the remainder when 299821 is divided by 903.
25
Calculate the remainder when 3458428 is divided by 1729213.
2
What is the remainder when 518040 is divided by 7280?
1160
Calculate the remainder when 8751960 is divided by 1424.
56
Calculate the remainder when 7492101 is divided by 299682.
51
Calculate the remainder when 12529929 is divided by 104416.
9
Calculate the remainder when 205599 is divided by 12094.
1
Calculate the remainder when 2510207 is divided by 226.
25
What is the remainder when 767099 is divided by 2730?
2699
What is the remainder when 4205066 is divided by 187?
184
Calculate the remainder when 775715 is divided by 263.
128
Calculate the remainder when 2947994 is divided by 427.
413
Calculate the remainder when 99896 is divided by 878.
682
Calculate the remainder when 105266 is divided by 20.
6
What is the remainder when 120432 is divided by 16819?
2699
Calculate the remainder when 554305 is divided by 9898.
17
Calculate the remainder when 649510 is divided by 1150.
910
Calculate the remainder when 2974453 is divided by 829.
1
What is the remainder when 3232414 is divided by 127?
10
Calculate the remainder when 221186678 is divided by 9.
5
What is the remainder when 677424 is divided by 448?
48
What is the remainder when 17354442 is divided by 9236?
9234
Calculate the remainder when 620792 is divided by 85.
37
What is the remainder when 383120 is divided by 6490?
210
Calculate the remainder when 435277 is divided by 926.
57
Calculate the remainder when 2419304 is divided by 2784.
8
What is the remainder when 122682 is divided by 4388?
4206
What is the remainder when 98148537 is divided by 39?
6
Calculate the remainder when 69689401 is divided by 347.
3
Calculate the remainder when 5206083 is divided by 94655.
58
What is the remainder when 101628 is divided by 35?
23
Calculate the remainder when 183333124 is divided by 152.
148
Calculate the remainder when 343402 is divided by 408.
274
What is the remainder when 5707 is divided by 2752?